ose -24*d + 17049 = -6783. Is d a prime number?
False
Suppose w - 2*q - 23 = 0, 3*w - 4*w - 4*q = 7. Let b(u) = -87*u - 8 - 2 + w. Is b(-2) prime?
False
Let r(v) = 2*v**3 - 9*v**2 + 2*v + 1. Let u be r(7). Suppose -5 = j, 3*j = 5*x + 2*j - u. Is x a prime number?
False
Let w = 2 - 2. Suppose w*h = h. Suppose 5*c - p = 483, -5*c + h*p - 3*p + 491 = 0. Is c a composite number?
False
Let g = 45 + -29. Suppose s + 1341 = 4*s - 3*y, -4*y = g. Is s prime?
True
Let q = -21 - -41. Let m be 9104/22 + q/110. Is -2 + 0 - m/(-2) a composite number?
True
Let m be 3/((-6)/(-4)) - -3. Let o = 37 - -39. Suppose -m*z - o - 57 = -2*k, 5*k - z = 390. Is k a composite number?
False
Let y = -2044 + 3097. Suppose a = 5*k - 901 - y, -2*a = -5*k + 1958. Let w = k - 268. Is w prime?
False
Let j(n) = 8*n - 6. Let v be j(4). Suppose -v - 14 = -5*i. Suppose -5*d + 7 = -i, -4*w + 2*d = -38. Is w a composite number?
False
Suppose 3*z - 8925 = 4*z + 2*l, -4*z + 2*l = 35750. Is (z/2 + -4)*(-4)/6 prime?
False
Let a(s) = 4*s**2 + 22*s + 9. Let k be a(-5). Is (-6 + 1445)*(k + 1 + 1) prime?
True
Suppose 3 = -2*m - 3, 3*w - 2*m - 11835 = 0. Is w prime?
True
Suppose -6*t - 25580 = 3580. Is 16/(-8) - t/4 a prime number?
True
Let h be ((-27)/6)/(2/4). Let c(s) = -s**2 - 10*s - 10. Let g be c(h). Is 482 - (-2 - 1)/g a composite number?
False
Let o(m) = -14*m**2 - 13*m - 22. Let d be o(19). Let s = -1796 - d. Is s prime?
True
Let t be 1233 - (2 - (-6)/(-3)). Is ((-70)/15)/((-6)/t) composite?
True
Let v(s) = 7*s**2 + 9*s + 3. Let m be v(-6). Let g = 342 - m. Is g prime?
False
Let t(b) = 174*b - 41. Let g = -91 + 94. Is t(g) prime?
False
Let q(l) = l**3 - 32*l**2 + 8*l - 60. Let h(b) = 8*b**2 - 2*b + 15. Let o(d) = -9*h(d) - 2*q(d). Is o(-7) a prime number?
False
Let n(v) = -12*v + 3*v - 5 + 3 + 2*v**2 - 2*v. Let t(b) = b**2 + 1. Let z(o) = n(o) + 3*t(o). Is z(8) prime?
True
Let c = -24 - -26. Suppose 0*t + 228 = -c*t. Is ((-2)/3)/(4/t) a composite number?
False
Let t = -1604 + 3259. Is t composite?
True
Let k(m) = -1348*m + 11. Let a be k(-2). Suppose 4*s + 3*x - a = 0, 2*s - x + 0*x = 1341. Is s composite?
False
Suppose 7*v = 7136 + 81085. Is v composite?
True
Let l be (-10)/40 - (-42)/8. Let h = 21 - l. Let s = h + 53. Is s composite?
True
Let y(f) be the third derivative of -7*f**2 - 1/2*f**3 + 0*f - 1/120*f**6 + 1/60*f**5 + 0 - 1/3*f**4. Is y(-4) a prime number?
True
Let i(q) = -7*q. Suppose 0 = 5*d + 3 + 12. Let s be i(d). Is 889/s*(-1 - -4) prime?
True
Suppose 9*b - 48532 = -13*b. Is b a prime number?
False
Is 1407*((-78)/(-72) + (-9)/12) a composite number?
True
Let x be -3 + (-2 - -3) - -7. Let n be ((-3)/9)/((-2)/(-6)). Is (x - -213) + (n - -4) composite?
True
Let z be ((-6)/10)/((-33)/10 - -3). Is (z/3 + (-111)/(-9))*157 prime?
False
Let u(o) be the first derivative of -7*o**4 - o**3/3 + o**2/2 - o + 40. Is u(-3) prime?
True
Let j(y) = 4*y**3 - 6*y**2 + 6*y + 2. Let w(a) = -12*a**3 + 17*a**2 - 18*a - 7. Let f(h) = 8*j(h) + 3*w(h). Is f(-6) a prime number?
False
Let j = -1729 + 1734. Suppose p = -0*p. Suppose 3*o - 3*f + 477 = 7*o, p = -2*o + j*f + 271. Is o a prime number?
False
Suppose -3*u = -5208 - 2739. Is 8/12 - u/(-9) a prime number?
False
Suppose 7 = w + 2. Let k(x) = -x**2 + 7*x - 7. Let h be k(w). Suppose -q = -4*q - 2*t + 475, 0 = 2*q - h*t - 308. Is q a composite number?
False
Suppose -366771 = -32*q + 173. Is q composite?
False
Suppose -240*f - 21849 = -243*f. Is f a composite number?
False
Suppose -18 = 2*q + 2*f - 0*f, -4 = 2*f. Let u be (0 - -7) + 4 + q. Is (-226)/5*(-9 + u) a prime number?
False
Let a(b) = -b**3 + 8*b**2 - b + 6. Let c be a(8). Let t = 6 - c. Suppose t*r = 3*r + 50. Is r a composite number?
True
Let v = -112 - -739. Is 0 - v/(-6 + 3) a composite number?
True
Let p(r) = -r + 18. Let v be p(10). Let w = 2 + v. Is w a composite number?
True
Let b = -430 - -221. Let v = 1080 + b. Is v a prime number?
False
Is (-15803 + 42)/((-18)/(-10) + -2) a prime number?
False
Let g(o) = 2*o**2 + 7*o + 6. Let p be g(-3). Is 1 + 0 + p*2864/12 a composite number?
True
Let y(l) = -26*l**3 + 13*l**2 - 5*l + 11. Is y(-10) composite?
False
Is 20076/(-28)*(-2 - (-363)/(-9)) a composite number?
True
Suppose -y - 5*f + 1430 = 0, y + 4*f = 2*y - 1403. Is y prime?
False
Let w be 2895/11 + (-2)/11. Suppose -2*f - 3*s = -w, 226 = 2*f - 4*s - 44. Is f prime?
False
Let u(a) be the third derivative of 12*a**2 + 0 - 1/12*a**4 + 0*a + 1/6*a**3 + 2/15*a**5. Is u(-2) a composite number?
False
Let d(r) = -1709*r**2 - 13*r + 17. Let m(g) = -3418*g**2 - 25*g + 33. Let j(h) = 11*d(h) - 6*m(h). Is j(2) composite?
True
Let x = -12 + 17. Let d be (-1)/(-7) + (-9)/63. Suppose -x*t + 188 + 407 = d. Is t composite?
True
Suppose 2*o - 3*t + 5 = 4*o, 2*o - 12 = 4*t. Let i(g) = 3*g**2 - 744 + g + 743 + 6*g**2 - 4*g**2. Is i(o) a prime number?
True
Let d = 60133 + 57900. Is d composite?
False
Let p be ((-410)/18 - -2) + 14/(-63). Suppose 0 = -w - 0*w + 14. Is (-3429)/p + (-4)/w composite?
False
Let m be 13 + (-8 - -4 - -3). Let i = -10 + m. Suppose 628 = 2*y + i*y. Is y prime?
True
Suppose 4*k - 23924 = -4*s, k = 4*k + 4*s - 17943. Is k a prime number?
True
Suppose 0 = 3*b - 3*z - 13142 - 14311, -27461 = -3*b + z. Is b composite?
True
Is (-4 + 14308/(-16))*1*-4 a prime number?
True
Suppose -6*w + 9*w - 1932 = 0. Suppose 6*a - 2*a + 3*k - w = 0, k = 4. Is a a prime number?
False
Suppose -f = 2*f - 4*z + 30, 0 = 2*f - 3*z + 21. Let j = f - -8. Is 37 - 0*j/4 a composite number?
False
Let a = -35 + -177. Let v = a + 897. Is v a composite number?
True
Let y = 186 - 0. Suppose 136 = 7*m - y. Is m a composite number?
True
Let s = 15396 + -4817. Is s composite?
True
Let z = -146 - -364. Let i = 384 - z. Is i composite?
True
Is (-11542)/(-1) - (16 + -13) a prime number?
False
Let w(b) = 2729*b**2 - 13*b + 37. Is w(4) a composite number?
False
Let w = -5 + 9. Suppose -w*o + 550 = o. Suppose -4*q = -6*q + o. Is q a composite number?
True
Suppose 4*g - 25824 = -5*l + l, 3*l + 5*g - 19370 = 0. Is l composite?
True
Let l(o) = 2*o - 22*o - 10*o - 9 + 3. Let k be l(-3). Let w = k - 53. Is w a composite number?
False
Let b(u) = -37*u - 148 + 21*u + 18*u + 479. Is b(0) composite?
False
Let l = -1149 - -2506. Is l a prime number?
False
Let d(s) = s**3 - 5*s**2 + s + 2. Let x be 6/3*(0 - -1). Let m be (5 - 7)*(-5)/x. Is d(m) prime?
True
Let s(q) = 128*q**2 + 4*q - 11. Suppose -7*c - 5 = -33. Is s(c) composite?
False
Suppose -2*p + 5752 = -5*h, -2*p + 3*h + 1207 = -4549. Is p a prime number?
False
Let w(i) = -689*i - 1. Let y be w(-1). Let n = 1079 - y. Is n a composite number?
True
Let l(u) = 372*u**3 - 2*u**2 + 3*u - 2. Is l(1) composite?
True
Let n = 4397 - -20540. Is n a prime number?
False
Let x = 94 - -8037. Is x a composite number?
True
Let l(v) = 18*v**2 + 16*v - 71. Is l(6) prime?
True
Is 2 - (2 + 5 - 1282) composite?
False
Suppose 0 = -5*n + 56 - 11. Let x be -4 + n + 2 - 1. Let p(s) = 85*s - 9. Is p(x) composite?
True
Suppose -3*b = -o + 7004, -b = 2*o - 5*o + 20988. Is o a prime number?
False
Let q(o) = 6906*o**2 - 5*o - 3. Is q(2) a composite number?
False
Let o be 3 + -1 - (3 - 5). Suppose o*k = 2807 + 701. Is k a prime number?
True
Let b(y) = 81*y**2 + 8*y + 11. Let p be b(-2). Let c = 6 - 6. Suppose r = -c*r + p. Is r a prime number?
False
Let l(j) = 22*j**2 - 28*j - 11. Is l(-11) a prime number?
False
Let u(i) = 36*i**3 + i**2 - 1. Let c be u(1). Suppose -s + 45 = -c. Let g = 74 + s. Is g a composite number?
True
Suppose 3192 = c - h, -h + 9579 = 3*c - 3*h. Suppose 5*n - c + 260 = 0. Is n a prime number?
True
Suppose 2*v + 1592 = -16*x + 18*x, 4*v + 1586 = 2*x. Is x prime?
False
Is 1/(-4) + 589/(-124) + 58836 composite?
False
Let p(a) = 85*a**2 - 4*a - 1. Let y = 9 - 7. Is p(y) prime?
True
Let s(p) = p**2 + 4*p + 8. Let a be s(-4). Suppose -a*d = -4*d - 8956. Suppose -1437 = -3*m - z - 102, 5*m = 3*z + d. Is m a prime number?
False
Let m(i) = -2*i**3 - 3*i**2 - i + 4. Let p be m(-3). Suppose j = 29 + p. Let c = 298 - j. Is c a prime number?
False
Suppose 2476 = -u + 5*u. Let b be (4/6 - 0)*252. Let p = u - b. Is p a prime number?
False
Is 23445/7 - (-6)/(-21) prime?
False
Suppose 5*r - 306863 = 89772. Is r composite?
True
Let j(p) = p - 3. Let w be j(5). Suppose -3520 = -w*q - 98. Suppose -5*u